{"id":407,"date":"2018-02-28T18:24:38","date_gmt":"2018-02-28T21:24:38","guid":{"rendered":"http:\/\/francaispartout.com.br\/?page_id=407"},"modified":"2026-02-09T21:16:48","modified_gmt":"2026-02-10T00:16:48","slug":"aulas-particulares","status":"publish","type":"page","link":"https:\/\/francaispartout.com.br\/?page_id=407","title":{"rendered":"Aulas particulares"},"content":{"rendered":"\t\t<div data-elementor-type=\"wp-page\" data-elementor-id=\"407\" class=\"elementor elementor-407\">\n\t\t\t\t<div class=\"elementor-element elementor-element-7ea7c7b e-flex e-con-boxed e-con e-parent\" data-id=\"7ea7c7b\" data-element_type=\"container\">\n\t\t\t\t\t<div class=\"e-con-inner\">\n\t\t\t\t<div class=\"elementor-element elementor-element-38d56e2 elementor-widget elementor-widget-heading\" data-id=\"38d56e2\" data-element_type=\"widget\" data-widget_type=\"heading.default\">\n\t\t\t\t<div class=\"elementor-widget-container\">\n\t\t\t\t\t<h2 class=\"elementor-heading-title elementor-size-default\">Valores vigentes para o ano de 2026&nbsp;\n<\/h2>\t\t\t\t<\/div>\n\t\t\t\t<\/div>\n\t\t\t\t\t<\/div>\n\t\t\t\t<\/div>\n\t\t<div class=\"elementor-element elementor-element-b5bf9eb e-flex e-con-boxed e-con e-parent\" data-id=\"b5bf9eb\" data-element_type=\"container\">\n\t\t\t\t\t<div class=\"e-con-inner\">\n\t\t\t\t<div class=\"elementor-element elementor-element-c235c54 elementor-widget elementor-widget-text-editor\" data-id=\"c235c54\" data-element_type=\"widget\" data-widget_type=\"text-editor.default\">\n\t\t\t\t<div class=\"elementor-widget-container\">\n\t\t\t\t\t\t\t\t\t<p>Os <strong>cours \u00e0 la carte<\/strong> s\u00e3o as nossas aulas particulares, que funcionam da seguinte forma: voc\u00ea escolhe a carga hor\u00e1ria que quer fazer na semana e n\u00f3s encontramos um professor da equipe que esteja dispon\u00edvel para assumir as aulas. Dessa forma, as aulas seguir\u00e3o o seu ritmo de aprendizado e voc\u00ea ter\u00e1 a aten\u00e7\u00e3o total do professor. As aulas particulares podem ser feitas individualmente, em dupla ou em trio.<\/p>\t\t\t\t\t\t\t\t<\/div>\n\t\t\t\t<\/div>\n\t\t\t\t\t<\/div>\n\t\t\t\t<\/div>\n\t\t<div class=\"elementor-element elementor-element-c2d3869 e-grid e-con-boxed e-con e-parent\" data-id=\"c2d3869\" data-element_type=\"container\">\n\t\t\t\t\t<div class=\"e-con-inner\">\n\t\t\t\t<div class=\"elementor-element elementor-element-d948d40 elementor-widget__width-inherit elementor-widget elementor-widget-text-editor\" data-id=\"d948d40\" data-element_type=\"widget\" data-widget_type=\"text-editor.default\">\n\t\t\t\t<div class=\"elementor-widget-container\">\n\t\t\t\t\t\t\t\t\t<p><strong>Aulas Online\u00a0<\/strong><\/p><p>1h\/semana = R$315,00 por m\u00eas<\/p><p>1h30\/semana = R$435,00 por m\u00eas<\/p><p>2h\/semana = R$555,00 por m\u00eas<\/p><p>3h\/semana = R$759,00 por m\u00eas<\/p>\t\t\t\t\t\t\t\t<\/div>\n\t\t\t\t<\/div>\n\t\t\t\t\t<\/div>\n\t\t\t\t<\/div>\n\t\t<div class=\"elementor-element elementor-element-c28c35e e-flex e-con-boxed e-con e-parent\" data-id=\"c28c35e\" data-element_type=\"container\">\n\t\t\t\t\t<div class=\"e-con-inner\">\n\t\t\t\t<div class=\"elementor-element elementor-element-a74b8d6 elementor-widget elementor-widget-spacer\" data-id=\"a74b8d6\" data-element_type=\"widget\" data-widget_type=\"spacer.default\">\n\t\t\t\t<div class=\"elementor-widget-container\">\n\t\t\t\t\t\t\t<div class=\"elementor-spacer\">\n\t\t\t<div class=\"elementor-spacer-inner\"><\/div>\n\t\t<\/div>\n\t\t\t\t\t\t<\/div>\n\t\t\t\t<\/div>\n\t\t\t\t<div class=\"elementor-element elementor-element-328262d elementor-align-center elementor-widget elementor-widget-button\" data-id=\"328262d\" data-element_type=\"widget\" data-widget_type=\"button.default\">\n\t\t\t\t<div class=\"elementor-widget-container\">\n\t\t\t\t\t\t\t\t\t<div class=\"elementor-button-wrapper\">\n\t\t\t\t\t<a class=\"elementor-button elementor-button-link elementor-size-sm\" href=\"https:\/\/francaispartout.com.br\/wp-content\/uploads\/2025\/04\/Documentos.pdf\" target=\"_blank\">\n\t\t\t\t\t\t<span class=\"elementor-button-content-wrapper\">\n\t\t\t\t\t\t\t\t\t<span class=\"elementor-button-text\">REGULAMENTO - COURS \u00c0 LA CARTE<\/span>\n\t\t\t\t\t<\/span>\n\t\t\t\t\t<\/a>\n\t\t\t\t<\/div>\n\t\t\t\t\t\t\t\t<\/div>\n\t\t\t\t<\/div>\n\t\t\t\t<div class=\"elementor-element elementor-element-a2f907d elementor-widget elementor-widget-spacer\" data-id=\"a2f907d\" data-element_type=\"widget\" data-widget_type=\"spacer.default\">\n\t\t\t\t<div class=\"elementor-widget-container\">\n\t\t\t\t\t\t\t<div class=\"elementor-spacer\">\n\t\t\t<div class=\"elementor-spacer-inner\"><\/div>\n\t\t<\/div>\n\t\t\t\t\t\t<\/div>\n\t\t\t\t<\/div>\n\t\t\t\t<div class=\"elementor-element elementor-element-946e110 elementor-widget elementor-widget-text-editor\" data-id=\"946e110\" data-element_type=\"widget\" data-widget_type=\"text-editor.default\">\n\t\t\t\t<div class=\"elementor-widget-container\">\n\t\t\t\t\t\t\t\t\t<p>Caso voc\u00ea tenha interesse em fazer aulas particulares, online ou presenciais*, escreva para <a href=\"mailto:fpescoladefrances@gmail.com\">fpescoladefrances@gmail.com\u00a0<\/a>e fa\u00e7a sua solicita\u00e7\u00e3o informando seus objetivos e hor\u00e1rios dispon\u00edveis. Estudaremos sua proposta com o objetivo de criar um curso focado totalmente em voc\u00ea.\u00a0<\/p><p><em>*Consulte disponibilidade e valores diretamente com a nossa equipe pelo e-mail.<\/em><\/p>\t\t\t\t\t\t\t\t<\/div>\n\t\t\t\t<\/div>\n\t\t\t\t\t<\/div>\n\t\t\t\t<\/div>\n\t\t\t\t<\/div>\n\t\t","protected":false},"excerpt":{"rendered":"<p>Valores vigentes para o ano de 2026 Os cours \u00e0 la carte s\u00e3o as nossas aulas particulares, que funcionam da seguinte forma: voc\u00ea escolhe a carga hor\u00e1ria que quer fazer na semana e n\u00f3s encontramos um professor da equipe que esteja dispon\u00edvel para assumir as aulas. Dessa forma, as aulas seguir\u00e3o o seu ritmo de [&hellip;]<\/p>\n","protected":false},"author":7,"featured_media":120,"parent":0,"menu_order":0,"comment_status":"closed","ping_status":"closed","template":"","meta":{"footnotes":""},"class_list":["post-407","page","type-page","status-publish","has-post-thumbnail","hentry"],"_links":{"self":[{"href":"https:\/\/francaispartout.com.br\/index.php?rest_route=\/wp\/v2\/pages\/407","targetHints":{"allow":["GET"]}}],"collection":[{"href":"https:\/\/francaispartout.com.br\/index.php?rest_route=\/wp\/v2\/pages"}],"about":[{"href":"https:\/\/francaispartout.com.br\/index.php?rest_route=\/wp\/v2\/types\/page"}],"author":[{"embeddable":true,"href":"https:\/\/francaispartout.com.br\/index.php?rest_route=\/wp\/v2\/users\/7"}],"replies":[{"embeddable":true,"href":"https:\/\/francaispartout.com.br\/index.php?rest_route=%2Fwp%2Fv2%2Fcomments&post=407"}],"version-history":[{"count":42,"href":"https:\/\/francaispartout.com.br\/index.php?rest_route=\/wp\/v2\/pages\/407\/revisions"}],"predecessor-version":[{"id":1773,"href":"https:\/\/francaispartout.com.br\/index.php?rest_route=\/wp\/v2\/pages\/407\/revisions\/1773"}],"wp:featuredmedia":[{"embeddable":true,"href":"https:\/\/francaispartout.com.br\/index.php?rest_route=\/wp\/v2\/media\/120"}],"wp:attachment":[{"href":"https:\/\/francaispartout.com.br\/index.php?rest_route=%2Fwp%2Fv2%2Fmedia&parent=407"}],"curies":[{"name":"wp","href":"https:\/\/api.w.org\/{rel}","templated":true}]}}